 21 - 42. Let v(z) = 1. Let n(y) = x*u(y) + 2*v(y). Calculate n(-6).
13
Let r(w) be the third derivative of -w**6/120 - w**5/12 + 2*w**3/3 - 4515*w**2. What is r(-6)?
40
Let j(h) = h + 5. Suppose 4*m + 0*m = -2*b - 84, 0 = 5*b + m + 246. Suppose 2*n + 33 = 141. Let x = b + n. Determine j(x).
9
Let l(k) be the second derivative of k**5/20 + 5*k**4/12 + k**3/3 - 6*k**2 + 120*k. Give l(-5).
-22
Let q(b) = 187*b**2 + 12*b - 16. Let c(i) = -147*i**2 - 9*i + 13. Let j(m) = -14*c(m) - 11*q(m). Let z(g) = g**3 + 5*g**2 + 2*g + 1. Let u be z(-4). Give j(u).
21
Let q(m) = 7 - 4 + 5*m - 4*m. Let p(j) be the first derivative of j**2 + 7*j + 292. Let w(h) = -4*p(h) + 10*q(h). Give w(-2).
-2
Let r(p) = -5*p**3 + 23*p**2 + 45*p - 1. Let c(a) = -a**3 + 2*a**2 + 3*a + 1. Let h(q) = -6*c(q) + r(q). Give h(-7).
0
Let n(s) = 1606*s - 4829. Let w be n(3). Let l(q) = 4*q**2 + 49*q + 21. Calculate l(w).
-34
Let s(u) = -15*u**2 - 18*u**2 - 14*u - u + 36*u**2 - 2 + 5. Give s(5).
3
Let r(b) = -1. Let c(f) be the second derivative of f**2/2 - 3*f. Let m(q) = -5*c(q) - 4*r(q). Let s(j) = -3*j + 2. Let v(k) = -3*m(k) + s(k). Determine v(5).
-10
Let c be ((-19 - -41)/22)/((-1)/13). Let b(r) = r**3 + 13*r**2 - 2*r - 31. What is b(c)?
-5
Let b(x) = -6*x**2 - 13*x - 2. Let m(u) = 7*u**2 + 14*u + 1. Let o(i) = -6*b(i) - 5*m(i). Let q be 3 - (16 - (7 + -6 - -4)). Determine o(q).
7
Let n(c) = 8*c. Let b(g) = 3*g. Let u(m) = -17*b(m) + 6*n(m). Let y(j) = j**2 - 4*j - 26. Let l be y(-4). Calculate u(l).
-18
Let b = -25 - -26. Let h(a) = 44*a - a**3 - a**3 - 45*a + b + 3*a**3. Let d(r) = -2*r**3 + 6*r**2 - 4*r - 9. Let w(f) = d(f) + 3*h(f). What is w(-7)?
-6
Let q(s) be the third derivative of -s**5/60 + s**3/3 + 8*s**2 + 619. Let z = 8 - 6. Determine q(z).
-2
Let l(o) be the second derivative of o**5/20 - 3*o**4/4 + 7*o**3/6 + 3*o**2 - 5420*o. Calculate l(8).
-2
Let s(p) = 2*p**2 + 37*p - 104. Let a(z) = -z**2 - z - 12. Let l(r) = 3*a(r) + s(r). What is l(29)?
5
Let n(c) be the third derivative of c**4/4 - 45*c**3/2 - 3018*c**2. Calculate n(18).
-27
Let w(q) be the first derivative of q**2 + 16*q + 1742. Calculate w(-14).
-12
Let g(y) be the first derivative of 2*y - 5/2*y**2 + 7/6*y**3 + 1/3*y**4 - 7 - 1/20*y**5. Let f(a) be the first derivative of g(a). What is f(5)?
5
Let j(h) = -2*h - 8. Let q be (-2930)/(-30) - (-5)/(-3). Suppose 5*m + 2*w - 72 = 0, m + 4*m - 4*w - q = 0. Suppose -m*f - 6 = -17*f. Give j(f).
-20
Let u = -137 + 130. Let i(m) be the second derivative of 5*m**3/6 - 3*m**2 - 4*m. Let t(w) = 6*w - 7. Let r(b) = u*i(b) + 6*t(b). Determine r(-5).
-5
Let s(a) = a**3 - 7*a**2 + a - 4. Let k be s(7). Suppose 21 - 36 = -k*y. Let n be (-22)/y - 2/(-5). Let c(p) = p**3 + 3*p**2 - 4*p. Give c(n).
0
Let l(i) = -43*i**2 + 42*i - 34. Let v(p) = 3*p**2 - 2*p + 1. Let j(y) = -l(y) - 14*v(y). Determine j(12).
-4
Let h be 0*(0 + (-1)/2). Suppose 142*k - 40 = 132*k. Let y(c) = -2*c**3 + 108 - k*c + c + 3*c**3 - 114 + 2*c. Determine y(h).
-6
Let w(z) = 107213 + 4*z + z - 107184. Give w(-2).
19
Let a(c) = -c**3 + 6*c**2 - 3*c - 2. Suppose -1032 = 4*d + 4*m, -d = -6*d + 3*m - 1322. Let u = 267 + d. Give a(u).
8
Let o(j) = 7*j**3 + 26*j**2 + 34*j. Let b(c) = 10*c**3 + 40*c**2 + 51*c. Let g(z) = -5*b(z) + 7*o(z). Suppose -15*d = -11*d + 68. Determine g(d).
0
Let f(l) be the third derivative of 0*l + 1/60*l**5 - 1/6*l**3 - 1/24*l**4 + 0 - 15*l**2. Give f(-1).
1
Let s(t) = -10 - 22 + 17 - 18*t**2 + 16*t**2 - 10 + 15*t. Give s(6).
-7
Let u(g) = 2*g + 1. Let v(l) = -l + 9. Let w(p) = 1. Let i(z) = 2*z - 27. Let b(a) = -i(a) + 3*w(a). Let n be b(11). Let m be v(n). Determine u(m).
3
Let c(i) = -2 + 0*i - 2 - i**2 - 5*i. Let f(g) be the first derivative of -10*g**2 + 275*g - 63. Let u be f(14). What is c(u)?
-4
Suppose 4*d + 22 = -40*q + 42*q, 3*q - 27 = 3*d. Let z(v) be the third derivative of v**6/120 - 7*v**5/60 - 5*v**3/3 + 5*v**2. Calculate z(q).
-10
Let w(l) be the first derivative of -2*l**3/3 - 15*l**2/2 + l + 398. What is w(-6)?
19
Let f(r) = -13*r - 27. Let u(a) = 14*a + 25. Let c = 128 - 125. Let y(g) = c*u(g) + 2*f(g). Let w(j) = -7*j - 10. Let v(q) = 13*w(q) + 6*y(q). Calculate v(5).
21
Let u = -277 + -53. Let c = -326 - u. Let k(r) = -2*r - 5. Calculate k(c).
-13
Suppose -2*j + 12 = 4*z, -5*j - 6 = -4*z + 6. Let g(h) = 2*h + 115 - 123 + 2*h**3 + 4*h**2 - z*h**3. Calculate g(4).
0
Suppose 0 = -25*q + 23*q. Suppose 8*z - 9*z + 5 = q. Suppose 3 - z = 2*s, -4*y + s = 7. Let m(x) = 6*x. Calculate m(y).
-12
Let a(u) = 2*u - 4*u + 1 - 3*u. Let y be 8/((4/26)/(-2)). Let w = y + 105. Calculate a(w).
-4
Suppose 6*m + 72 = 2*m. Let d be (-3)/(m/(-8) + (3 - 6)). Let j(o) = -4 + 11 - d*o - 5. What is j(-3)?
14
Let l(i) = 15*i - 41*i + 14*i + 2*i**3 - 2*i**2 + 11*i - 2. Calculate l(2).
4
Let b(z) = 3*z - 2. Let c(s) = 7*s + 9. Let o(f) = -4*b(f) + c(f). Let a be (3 + -4)/(1/(-14)*2). Calculate o(a).
-18
Suppose -34*u - 660 = 258. Let s(h) = 2*h**3 + 53*h**2 - 28*h - 29. Calculate s(u).
-2
Let k(j) be the third derivative of 7*j + 1/24*j**4 + 0 + 0*j**3 + 2*j**2 - 7/60*j**5. Calculate k(2).
-26
Let x(h) be the first derivative of h**2/2 - 24*h - 1186. Calculate x(20).
-4
Let i(t) = -77*t - 12011. Let b be i(-156). Let v(y) = -15*y**3 - y**2 - 14*y + 14. What is v(b)?
-16
Let x(c) = 6*c - 1. Let t(k) = 16 + k**2 + 8 + 435*k - 423*k. Let u be t(-10). Let n be u/(-18) - (-300)/135. Calculate x(n).
11
Suppose 0 = -12*i + 16*i + 20. Let v(w) = -w**3 - 3*w**2 + 7*w - 16. Let f be v(i). Let g(s) = -13*s + 1. Give g(f).
14
Suppose i + 51 = -4*y, 2*y - 549 = 3*i - 592. Let m(d) = -d**2 - 16*d - 8. Determine m(y).
20
Let t(j) = -7*j + 2. Let f = -126 - -118. Let l be ((-6)/(-4))/(((-36)/f)/(-9)). Give t(l).
23
Suppose -80*j + 136 = -12*j. Let w(m) = -2*m**2 + j + 3*m**2 + 3*m + 4*m**2 - 8*m**2 + 5*m**2. Let i be 4/(-6) - 28/12. What is w(i)?
11
Suppose -9*a - 8 = -13*a. Let g(y) = -34 - 12*y - a*y**2 + y**2 + 31. Let n = 332 - 343. Calculate g(n).
8
Let r(z) = -2*z - 9. Let u be r(-5). Suppose -3*f - 24 = -4*m, 4*m + 5*f + 8 = -0. Let l(w) = 5*w**m + 0*w + 10*w - 4*w**3 - 1 - 9*w. What is l(u)?
1
Suppose 142216 = -14*j + 142636. Let g(p) = -3*p**2 + 87*p + 83. Calculate g(j).
-7
Let k(s) = 7*s**2 - 3*s - 7. Let f(x) = -12*x**2 + 2*x - 1. Let j(n) = 6*n**2 - n - 1. Let z(a) = -2*f(a) - 5*j(a). Let r(m) = -5*k(m) - 6*z(m). Give r(-5).
-27
Let q be -8*6*(-5)/10. Suppose 0 = -4*v, 4*f + 3*v = 3*f - q. Let b be (12/f)/(1/12). Let d(o) = -o**2 - 8*o. Determine d(b).
12
Suppose -84*m = -48*m - 108. Let g(b) be the third derivative of 1/120*b**6 - 25*b**2 - 1/12*b**4 - b**m + 0*b - 1/15*b**5 + 0. Calculate g(5).
9
Let i(z) = z**2 + 5*z - 89. Suppose -4*a - b = 2, -a + 3*b + 55 = 49. What is i(a)?
-89
Suppose 292 = 4*j + 2*b, -3*j - 20 = 5*b - 225. Let r(n) = 151*n**2 - 77*n**2 - j*n**2 + 11*n - 6. Give r(8).
18
Suppose 672 = -97*p - 622 - 161. Let o(j) = -2*j - 17. Calculate o(p).
13
Let h(n) be the second derivative of n**5/20 - 3*n**2/2 + 5*n. Let r be h(0). Let c(i) = 5*i + 7. Let z(y) = -4. Let o(x) = -c(x) - 2*z(x). Give o(r).
16
Let z(a) be the third derivative of -a**4/24 + a**3/2 - 2*a**2 + 3. Let v be (2 - 2)/(6*7/(-14)). Give z(v).
3
Let h(d) = -12*d - 20. Let a = 4084 + -4086. What is h(a)?
4
Let o be (8 - (822/54 - 7))*9. Let t(z) be the third derivative of -3*z**4/8 - z**3/6 - 5*z**2. Calculate t(o).
17
Let i(h) = 15*h - 233. Suppose -5*x = 5*r - 50, -9*r + 45 = -7*r - 3*x. Let z be i(r). Let v(c) = 3*c + 23. Give v(z).
-1
Let l(r) = 36*r**2 + 3*r + 4. Let a(z) = -72*z**2 - 8*z - 9. Let j(k) = -4*a(k) - 9*l(k). Let b(n) = 24*n**2 - 3*n. Let v(i) = 8*b(i) + 5*j(i). Calculate v(1).
13
Let d(v) = 7*v**2 - 2*v + 12. Let m(s) = -2*s**2 - s - 3. Let f(c) = d(c) + 4*m(c). Suppose 4*p = -b - 28, -2*p - p - 2*b = 26. Determine f(p).
0
Let k(t) = -t**2 + 8*t. Let q be k(7). Let l(j) = 17 + 7*j - q - 4 - 4. Give l(-1).
-5
Let g(w) be the third derivative of w**4/24 + w**3/3 + 49*w**2 - 2*w. Let s(f) = -2. Let k(m) = g(m) - 2*s(m). What is k(-5)?
1
Suppose 75*a - 184 = 52*a. Suppose 2*n = -a*n - 2*n. Let t(r) = r - 3*r - 11 + r. Determine t(n).
-11
Suppose 3*r = -3, 2*r = -u - 3*r - 4. Let i(s) = 94 + 90 - 18*s + 4*s + 95 - 278. Calculate i(u).
-13
Let r(s) = s + 4. Let a = -257 - -259. Suppose -p + 0*p 